{"id":17,"date":"2012-06-15T23:00:27","date_gmt":"2012-06-15T21:00:27","guid":{"rendered":"http:\/\/draciusvit.cz\/?page_id=17"},"modified":"2024-05-30T07:27:24","modified_gmt":"2024-05-30T07:27:24","slug":"o-nas","status":"publish","type":"page","link":"https:\/\/draciusvit.cz\/?page_id=17","title":{"rendered":"O n\u00e1s"},"content":{"rendered":"\n<h3 class=\"wp-block-heading has-medium-font-size\">Dra\u010d\u00ed \u00fasvit &#8211; \u0161erm\u00ed\u0159sk\u00fd a fantasy klub<\/h3>\n\n\n\n<p class=\"has-medium-font-size\">Jsme sdru\u017een\u00ed z\u00e1jemc\u016f o historick\u00fd a sc\u00e9nick\u00fd \u0161erm, d\u0159ev\u011bn\u00e9 i \u017eelezn\u00e9 bitvy, LARPy a ohniv\u00e9 show. Prim\u00e1rn\u011b se v\u011bnujeme krou\u017eku historick\u00e9ho \u0161ermu pro d\u011bti a mladistv\u00e9 p\u0159i SV\u010c Hodon\u00edn, z\u00e1rove\u0148 vystupujeme na akc\u00edch pro ve\u0159ejnost a po\u0159\u00e1d\u00e1me vlastn\u00ed akce pro na\u0161e mal\u00e9 \u0161erm\u00ed\u0159e, jejich rodi\u010de i ve\u0159ejnost.<\/p>\n\n\n\n<p class=\"has-medium-font-size\">\u00dazce spolupracujeme s divadeln\u00ed skupinou Memento mori z Uhersk\u00e9ho Ostrohu a Bratrstvem draka z B\u0159eclavi, se kter\u00fdmi jezd\u00edme na spole\u010dn\u00e9 akce. Dlouhodob\u011b se \u00fa\u010dastn\u00edme i akc\u00ed v ZOO Hodon\u00edn.<\/p>\n\n\n\n<h3 class=\"wp-block-heading has-medium-font-size\">Kr\u00e1tk\u00e1 historie<\/h3>\n\n\n\n<p class=\"has-medium-font-size\">U\u017e je tomu n\u011bkolik let, co se se\u0161lo p\u00e1r udatn\u00fdch jinoch\u016f se spole\u010dn\u00fdm z\u00e1jmem. Jejich v\u00e1\u0161n\u00ed byl <a href=\"http:\/\/cs.wikipedia.org\/wiki\/D%C5%99ev%C3%A1rna#Bitva\">\u0161erm s d\u0159ev\u011bnou zbran\u00ed<\/a>. Tak 3. 7. 1996 vznikl spolek naz\u00fdvaj\u00edc\u00ed se Dra\u010d\u00ed \u00fasvit. O dv\u011b l\u00e9ta pozd\u011bji byl seps\u00e1n dokument s Ministerstvem vnitra a klub se stal pr\u00e1voplatnou organizac\u00ed. Od t\u011bch dob lid\u00e9 p\u0159ib\u00fdvali a klub st\u00e1le nem\u011bl trval\u00e9 \u00fato\u010di\u0161t\u011b. To v\u0161ak nalezl dne 18. 1. 2000 na&nbsp;<a href=\"http:\/\/www.mapy.cz\/#mm=ZTtTcP@ax=139342512@ay=131641712@at=Klubovna%20Dra%C4%8D%C3%ADho%20%C3%BAsvitu@ad=Zde%20s%C3%ADdl%C3%AD%20%C5%A1erm%C3%AD%C5%99sk%C3%A1%20skupina%20Dra%C4%8D%C3%AD%20%C3%BAsvit.%20Tr%C3%A9ninky%20jsou%20ka%C5%BEdou%20st%C5%99edu%20a%20p%C3%A1tek%20od%2016:00@sa=s@st=s@ssq=hodon%C3%ADn@sss=1@ssp=118971500_127315660_151608428_151482060@x=139339728@y=131641616@z=16\">skautsk\u00e9m m\u011bste\u010dku<\/a> v posledn\u00ed chatce are\u00e1lu.<\/p>\n\n\n\n<p class=\"has-medium-font-size\">Z mlad\u00fdch jinoch\u016f se stali mu\u017ei a z mu\u017e\u016f v\u00e1le\u010dn\u00edci,&nbsp;bojuj\u00edc\u00ed v bitv\u00e1ch a ar\u00e9n\u00e1ch. Pro\u017e\u00edvali i dobrodru\u017estv\u00ed na&nbsp;<a href=\"http:\/\/cs.wikipedia.org\/wiki\/LARP\">LARPu<\/a>. V dob\u00e1ch, kdy byl m\u00edr, svou touhu po dobrodru\u017estv\u00edch nedok\u00e1zali uti\u0161it a tak za\u010dali hr\u00e1t&nbsp;<a href=\"http:\/\/cs.wikipedia.org\/wiki\/Dra%C4%8D%C3%AD_doup%C4%9B\">Dra\u010d\u00ed doup\u011b<\/a>. K na\u0161im udatn\u00fdm bojovn\u00edk\u016fm se v\u0161ak p\u0159ipojovaly i \u017eeny, kter\u00e9 s nimi vytrvale dr\u017eely krok.<\/p>\n\n\n\n<p class=\"has-medium-font-size\">Postupem \u010dasu se klub vyv\u00edjel a tito v\u00e1le\u010dn\u00edci nez\u016fstali jen u d\u0159ev\u00e1rensk\u00e9ho \u0161ermu. Za\u010dali bojovat i ze \u017eeleznou zbran\u00ed, \u00fa\u010dastnit se semin\u00e1\u0159\u016f pro boj me\u010dem i no\u017eem, jezdit na \u017eelezn\u00e9 bitvy a tr\u00e9novat na SV\u010c Hodon\u00edn mlad\u00e9 a odv\u00e1\u017en\u00e9 chlapce (a n\u011bkdy i d\u00edvky) tou\u017e\u00edc\u00ed st\u00e1t se ryt\u00ed\u0159i. V z\u00e1\u0159\u00ed 2012 toti\u017e Dra\u010d\u00ed \u00fasvit zprovoznil krou\u017eek \u0161ermu pro mladistv\u00e9.<\/p>\n\n\n\n<p class=\"has-medium-font-size\">24. \u010dervna 2021 na\u0161i chatku na skautsk\u00e9m m\u011bste\u010dku, m\u00edsto pln\u00e9 vzpom\u00ednek, smetlo torn\u00e1do a my jsme museli toto m\u00edsto opustit. D\u00edky mnoha dar\u016fm \u0161lechetn\u00fdch lid\u00ed mohl klub zakoupit stavebn\u00ed bu\u0148ku, kter\u00e1 n\u00e1m slou\u017e\u00ed jako z\u00e1zem\u00ed pro venkovn\u00ed tr\u00e9ninky a sklad materi\u00e1lu.<\/p>\n","protected":false},"excerpt":{"rendered":"<p>Dra\u010d\u00ed \u00fasvit &#8211; \u0161erm\u00ed\u0159sk\u00fd a fantasy klub Jsme sdru\u017een\u00ed z\u00e1jemc\u016f o historick\u00fd a sc\u00e9nick\u00fd \u0161erm, d\u0159ev\u011bn\u00e9 i \u017eelezn\u00e9 bitvy, LARPy a ohniv\u00e9 show. Prim\u00e1rn\u011b se v\u011bnujeme krou\u017eku historick\u00e9ho \u0161ermu pro d\u011bti a mladistv\u00e9 p\u0159i SV\u010c Hodon\u00edn, z\u00e1rove\u0148 vystupujeme na akc\u00edch pro ve\u0159ejnost a po\u0159\u00e1d\u00e1me vlastn\u00ed akce pro na\u0161e mal\u00e9 \u0161erm\u00ed\u0159e, jejich rodi\u010de i ve\u0159ejnost. \u00dazce<a class=\"rmore\" href=\"https:\/\/draciusvit.cz\/?page_id=17\">&nbsp;&nbsp; Pokra\u010dovat &#8230;<\/a><\/p>\n","protected":false},"author":4,"featured_media":0,"parent":0,"menu_order":0,"comment_status":"closed","ping_status":"closed","template":"","meta":{"ngg_post_thumbnail":0},"_links":{"self":[{"href":"https:\/\/draciusvit.cz\/index.php?rest_route=\/wp\/v2\/pages\/17"}],"collection":[{"href":"https:\/\/draciusvit.cz\/index.php?rest_route=\/wp\/v2\/pages"}],"about":[{"href":"https:\/\/draciusvit.cz\/index.php?rest_route=\/wp\/v2\/types\/page"}],"author":[{"embeddable":true,"href":"https:\/\/draciusvit.cz\/index.php?rest_route=\/wp\/v2\/users\/4"}],"replies":[{"embeddable":true,"href":"https:\/\/draciusvit.cz\/index.php?rest_route=%2Fwp%2Fv2%2Fcomments&post=17"}],"version-history":[{"count":9,"href":"https:\/\/draciusvit.cz\/index.php?rest_route=\/wp\/v2\/pages\/17\/revisions"}],"predecessor-version":[{"id":1272,"href":"https:\/\/draciusvit.cz\/index.php?rest_route=\/wp\/v2\/pages\/17\/revisions\/1272"}],"wp:attachment":[{"href":"https:\/\/draciusvit.cz\/index.php?rest_route=%2Fwp%2Fv2%2Fmedia&parent=17"}],"curies":[{"name":"wp","href":"https:\/\/api.w.org\/{rel}","templated":true}]}}